{"id":1758,"date":"2022-11-14T11:08:26","date_gmt":"2022-11-14T11:08:26","guid":{"rendered":"https:\/\/ahpimpacto.es\/?page_id=1758"},"modified":"2022-11-22T00:01:25","modified_gmt":"2022-11-22T00:01:25","slug":"proyectos-ahpi","status":"publish","type":"page","link":"https:\/\/ahpimpacto.es\/?page_id=1758","title":{"rendered":"Proyectos AHPi"},"content":{"rendered":"\n<p class=\"has-medium-font-size\">AHP impacto tiene <strong>dos proyectos propios<\/strong>, encaminados al cumplimiento de su misi\u00f3n e independientes de los servicios que presta. Se trata de proyectos sociales relacionados con el \u00e1mbito de la salud comunitaria y la gesti\u00f3n de movimientos sociales con el objetivo de aportar conocimiento y generar un mayor impacto social.<\/p>\n\n\n\n<p><\/p>\n\n\n<div class=\"wp-block-image\">\n<figure class=\"aligncenter size-full\"><img fetchpriority=\"high\" decoding=\"async\" width=\"800\" height=\"165\" src=\"https:\/\/ahpimpacto.es\/wp-content\/uploads\/2022\/11\/proyectosahp_azul.jpg\" alt=\"\" class=\"wp-image-1770\" srcset=\"https:\/\/ahpimpacto.es\/wp-content\/uploads\/2022\/11\/proyectosahp_azul.jpg 800w, https:\/\/ahpimpacto.es\/wp-content\/uploads\/2022\/11\/proyectosahp_azul-300x62.jpg 300w, https:\/\/ahpimpacto.es\/wp-content\/uploads\/2022\/11\/proyectosahp_azul-768x158.jpg 768w, https:\/\/ahpimpacto.es\/wp-content\/uploads\/2022\/11\/proyectosahp_azul-600x124.jpg 600w\" sizes=\"(max-width: 800px) 100vw, 800px\" \/><\/figure>\n<\/div>\n\n\n<p><\/p>\n\n\n\n<p class=\"has-medium-font-size\">En breve ofreceremos m\u00e1s informaci\u00f3n en nuestra web de como vamos a llevar a acabo estos dos proyectos, basado en la generaci\u00f3n de materiales de difusi\u00f3n, estudios, formaci\u00f3n e intervenci\u00f3n. Una visi\u00f3n diferente e innovadora en cuanto a <strong>AHPiGesti\u00f3n<\/strong> en el marco del tercer sector. <\/p>\n\n\n\n<p class=\"has-medium-font-size\">Una forma de abordar la salud desde una perspectiva de salud p\u00fablica y comunitaria en cuanto a <strong><a href=\"https:\/\/ahpimpacto.es\/?page_id=1774\" target=\"_blank\" rel=\"noopener\" title=\"\">AHPiComunitaria<\/a><\/strong>, entendiendo que la salud no es solo enfermedad y tratamientos, sino que hay un escal\u00f3n antes que se debe abordar, y que est\u00e1 relacionado con los condicionantes sociales de acceso a la salud.<\/p>\n\n\n\n<p class=\"has-medium-font-size\">Ambos proyectos con el fin de aportar soluciones para lograr un mayor impacto social.<\/p>\n\n\n\n<figure class=\"wp-block-image size-large\"><img decoding=\"async\" width=\"1024\" height=\"607\" src=\"http:\/\/ahpimpacto.es\/wp-content\/uploads\/2021\/02\/digital-marketing-coach-template-course-cover-img-1-1024x607.jpg\" alt=\"\" class=\"wp-image-967\" srcset=\"https:\/\/ahpimpacto.es\/wp-content\/uploads\/2021\/02\/digital-marketing-coach-template-course-cover-img-1-1024x607.jpg 1024w, https:\/\/ahpimpacto.es\/wp-content\/uploads\/2021\/02\/digital-marketing-coach-template-course-cover-img-1-600x356.jpg 600w, https:\/\/ahpimpacto.es\/wp-content\/uploads\/2021\/02\/digital-marketing-coach-template-course-cover-img-1-300x178.jpg 300w, https:\/\/ahpimpacto.es\/wp-content\/uploads\/2021\/02\/digital-marketing-coach-template-course-cover-img-1-768x455.jpg 768w, https:\/\/ahpimpacto.es\/wp-content\/uploads\/2021\/02\/digital-marketing-coach-template-course-cover-img-1.jpg 1080w\" sizes=\"(max-width: 1024px) 100vw, 1024px\" \/><\/figure>\n","protected":false},"excerpt":{"rendered":"<p>AHP impacto tiene dos proyectos propios, encaminados al cumplimiento de su misi\u00f3n e independientes de los servicios que presta. Se trata de proyectos sociales relacionados con el \u00e1mbito de la salud comunitaria y la gesti\u00f3n de movimientos sociales con el objetivo de aportar conocimiento y generar un mayor impacto social. En breve ofreceremos m\u00e1s informaci\u00f3n&hellip; <br \/> <a class=\"read-more\" href=\"https:\/\/ahpimpacto.es\/?page_id=1758\">Leer m\u00e1s<\/a><\/p>\n","protected":false},"author":1,"featured_media":0,"parent":0,"menu_order":0,"comment_status":"closed","ping_status":"closed","template":"","meta":{"footnotes":""},"class_list":["post-1758","page","type-page","status-publish","hentry"],"aioseo_notices":[],"jetpack_sharing_enabled":true,"_links":{"self":[{"href":"https:\/\/ahpimpacto.es\/index.php?rest_route=\/wp\/v2\/pages\/1758","targetHints":{"allow":["GET"]}}],"collection":[{"href":"https:\/\/ahpimpacto.es\/index.php?rest_route=\/wp\/v2\/pages"}],"about":[{"href":"https:\/\/ahpimpacto.es\/index.php?rest_route=\/wp\/v2\/types\/page"}],"author":[{"embeddable":true,"href":"https:\/\/ahpimpacto.es\/index.php?rest_route=\/wp\/v2\/users\/1"}],"replies":[{"embeddable":true,"href":"https:\/\/ahpimpacto.es\/index.php?rest_route=%2Fwp%2Fv2%2Fcomments&post=1758"}],"version-history":[{"count":7,"href":"https:\/\/ahpimpacto.es\/index.php?rest_route=\/wp\/v2\/pages\/1758\/revisions"}],"predecessor-version":[{"id":1793,"href":"https:\/\/ahpimpacto.es\/index.php?rest_route=\/wp\/v2\/pages\/1758\/revisions\/1793"}],"wp:attachment":[{"href":"https:\/\/ahpimpacto.es\/index.php?rest_route=%2Fwp%2Fv2%2Fmedia&parent=1758"}],"curies":[{"name":"wp","href":"https:\/\/api.w.org\/{rel}","templated":true}]}}